z be k(2). Suppose z*c - 5*c + 75 = 0. What is the remainder when 48 is divided by c?
23
Suppose 3*q + 75 = -4*u + 9*u, -5*q - 37 = -u. What is the remainder when 167 is divided by u?
11
Let h(n) be the second derivative of n**5/20 + n**4/2 + n**3/6 + 7*n**2 - 5*n. Let o be h(-6). Let b = o - 1. Calculate the remainder when 12 is divided by b.
5
Suppose -7*u + 5*d - 24 = -9*u, 2*d = -5*u + 39. Calculate the remainder when 33 is divided by u.
5
Let d(o) be the second derivative of o**3/6 + 23*o**2/2 + 10*o. What is the remainder when 56 is divided by d(6)?
27
Suppose -115 = -9*f + 56. Suppose 1319 + 141 = 4*y. Suppose 0*p + 5*p - y = 0. What is the remainder when p is divided by f?
16
Suppose 5310 = 5*u + j, -2*u + 5*u - 4*j - 3163 = 0. What is the remainder when u is divided by 133?
130
Let j(q) = 36*q**3 - 3*q**2 + 2*q. Let m be j(1). Suppose -4*t = 11 - m. Calculate the remainder when t is divided by 6.
0
Suppose -6*b + 1040 = 14*b. Calculate the remainder when 235 is divided by b.
27
Let m(z) = -z + 20. What is the remainder when 104 is divided by m(-16)?
32
Let l = -11 - -62. Suppose -5*b = -k - 10 - 35, 4*k + 36 = 4*b. Let p(g) = -g**2 + 10*g + 9. What is the remainder when l is divided by p(b)?
15
Let l(s) = 7*s - 12 + 0*s**3 + 4 - 5*s**3 + 4*s**3 + 11*s**2. What is the remainder when l(11) is divided by 24?
21
Suppose 4*g - 5*f = 21, -8*g = -3*g - 5*f - 30. Let p = 38 - g. Calculate the remainder when p is divided by 16.
13
Suppose 5 - 35 = -5*s. Suppose -s = a - 47. Let j = 57 - a. What is the remainder when 59 is divided by j?
11
Let q(l) = -14*l + 26. Calculate the remainder when 335 is divided by q(-3).
63
Calculate the remainder when 258 is divided by 9 + (6 - 5) + -5 + 3.
2
Let q(k) = k - 1. Suppose 0 = j + 2*j. Suppose 5*z + j = 50. Calculate the remainder when z is divided by q(5).
2
Calculate the remainder when 105 is divided by (-8)/6*(-405)/60.
6
Let s(a) = -9*a + 35. Calculate the remainder when s(-14) is divided by 17.
8
Let t = 15 + -11. Suppose -2 - 14 = -t*n - g, -16 = -4*g. Suppose -4*p - 183 = -3*v - 44, n*v + 3*p = 132. Calculate the remainder when v is divided by 12.
9
Let j = -35 - -129. What is the remainder when j is divided by 16?
14
Let r(u) = -u**3 + 5*u**2 + 1. Let y be r(5). Let h(n) = 166*n - 315*n + 161*n - 4. Calculate the remainder when 13 is divided by h(y).
5
Let j(z) = -2*z - 4. Let y be j(-11). Suppose y*p + 103 = 19*p. What is the remainder when p is divided by 21?
19
Suppose 5*m - 12 - 8 = 0. Suppose 0*d + 3*x + 8 = d, -x - 43 = -m*d. Calculate the remainder when (-188)/(-6) + 2/3 is divided by d.
10
Suppose -129*s = -123*s - 66. What is the remainder when 218 is divided by s?
9
Suppose -c + 0*c = 3*y - 16, -5*c + 40 = 5*y. Let l = -217 - -236. What is the remainder when l is divided by y?
3
What is the remainder when 73 is divided by (-16)/(-120) + (-328)/(-15) + -2?
13
Suppose 10 = -0*z + 5*z, l = -4*z + 223. Calculate the remainder when l is divided by 54.
53
Let r(k) = -k**3 - 2*k**2 + 5*k - 1. Let h(v) = -v + 1. Let d(w) = -12*w + 8. Let q(u) = d(u) - 8*h(u). What is the remainder when q(-8) is divided by r(-4)?
10
What is the remainder when 90 is divided by (-2)/(-7) + -109*9/(-21)?
43
Let y = 33 - 30. Suppose 3*m = -l + 11, y*l - 16 = -2*l - 2*m. Suppose l*d + 135 = 7*d. Calculate the remainder when d is divided by 8.
3
Let x(v) = -20*v**3 - 3*v**2 - 2*v - 1. Let s be x(-1). Let c = 80 - s. Calculate the remainder when c is divided by 7.
6
Let l = 487 - 141. What is the remainder when l is divided by 9?
4
Let r = 151 + -126. Calculate the remainder when 0 - (4 + r*-6) is divided by 21.
20
Suppose -37 = 12*t - 16*t - v, t = 2*v + 16. Calculate the remainder when t is divided by 8.
2
Let w = -1 + 15. Let m = 20 - w. Calculate the remainder when 19 is divided by m.
1
Let w = -309 + 373. Calculate the remainder when 140 is divided by w.
12
Let k = -1 + 3. Let j = 7 - k. Suppose 4*a - 105 = j*o, 2*a - 105 = -3*a + o. What is the remainder when 39 is divided by a?
19
Suppose -7*d = 5*z - 12*d - 5925, -5*z = d - 5901. Calculate the remainder when z is divided by 16.
13
Let l(t) = 2*t**2 + 10*t - 3. Suppose r - 14 = 3*r. Suppose -480 = -16*x + 6*x. What is the remainder when x is divided by l(r)?
23
Suppose u = -o + 54 + 467, -3*o - u = -1555. Calculate the remainder when o is divided by 20.
17
Suppose -y - 4 = -5*y, -5*y + 110 = 5*v. Let q = -101 - -183. Calculate the remainder when q is divided by v.
19
Suppose 5*b = 26 - 1. Suppose -154 = 3*z - b*z. Calculate the remainder when z is divided by ((-4)/6)/((-58)/1740).
17
What is the remainder when 7668/81*(-9)/(-6) is divided by 48?
46
Suppose 387 + 848 = 13*s. What is the remainder when s is divided by 62?
33
Suppose 0 = j + 130 - 536. What is the remainder when j is divided by 17?
15
Suppose -336 = -4*c - 4*l, -2*c + 259 = c - 4*l. Calculate the remainder when 1017 is divided by c.
82
Suppose -3*o + 8 = 4*h, -9 = 5*o - 5*h + 36. Let s be (-1)/1*o/4. What is the remainder when 41 is divided by (s + 1)*(-55)/(-10)?
8
Let a = -31 + 73. Suppose 5*g - 625 = 2*c, -21*g + 20*g + 125 = 2*c. Calculate the remainder when g is divided by a.
41
Let y = 1 + 3. Let r(q) = -q**2 + 1 - 387*q + 9*q**2 + 0 + 394*q. What is the remainder when r(y) is divided by 40?
37
Let g = 21 - 5. What is the remainder when 2/1*-2 + 65*1 is divided by g?
13
Let m be ((-81)/45)/(6/(-20)). Let c be (-19)/(-6) + (-1)/m. Suppose -c*y + 7 = -2*y. Calculate the remainder when y is divided by 2.
1
Suppose 10*r - 245 = -75. Calculate the remainder when 100 is divided by r.
15
Let o(i) = 3*i**2 - 2*i + 54. Let b(j) = 5*j**2 - 3*j + 81. Let q(r) = -5*b(r) + 8*o(r). Let u = 347 + -333. Calculate the remainder when q(0) is divided by u.
13
Suppose -4*w - 10528 = -32*w. Calculate the remainder when w is divided by 29.
28
Let h(i) = -i**2 - 7*i + 31. Suppose 0 = r + r - 8, -3*s - 42 = -3*r. Calculate the remainder when 3 is divided by h(s).
0
Let j be (13/(-39))/(1/(-1 - -13)). Let i = 91 - 40. Calculate the remainder when i is divided by (65/(-10))/(j/8).
12
Let o be 0*(-2)/12*-3. Suppose -5*v = 2*h + 44 + 2, o = h - 2. Let m(s) = s**3 + 11*s**2 + 6*s - 9. Calculate the remainder when m(v) is divided by 16.
15
Let l(v) = -82*v + 20. Calculate the remainder when 287 is divided by l(-1).
83
Suppose 983 = 3*m + 959. Calculate the remainder when 493 is divided by m.
5
Let x = 230 + -2. Calculate the remainder when x is divided by 29.
25
Let u(i) = i**2 + 11*i + 8. Let o be u(-11). Suppose -4*b = -o*b - 20, 2*q - 3*b - 77 = 0. Calculate the remainder when q is divided by 9.
4
Suppose -3*u - 18 - 6 = 0. Let p be 12*((-12)/u + -2). Calculate the remainder when 20 is divided by ((-108)/24)/(p/8).
2
Suppose -22*n - 36 = -16*n. Calculate the remainder when (-2)/(1*n/63) is divided by 12.
9
Suppose 0 = -8*w + 4*w - 96. Let p be w/(-4) - (-1 - -1). What is the remainder when 45 is divided by (p - 2)*(-8)/(-2)?
13
Suppose 16*u - 1548 = -220. Calculate the remainder when u is divided by 18.
11
Let l(d) = d**2 - 10*d - 49. What is the remainder when 38 is divided by l(-5)?
12
Let m(i) = 11*i - 3 - 13*i - 5*i. Calculate the remainder when m(-5) is divided by 11.
10
Let h be (-34)/8 + 3/12. Let m = 1 - 0. What is the remainder when 35 is divided by -2 + (-6 + m)*h?
17
Suppose m + a + 0*a = 119, -4*m - 5*a = -481. Calculate the remainder when 461 is divided by m.
5
Let f be 6/(-18) + 25/3. Suppose -3*n + f*n = -5*p + 90, n = 4*p - 92. Calculate the remainder when p is divided by 5.
2
Let q(y) = 39*y**2 - 9*y + 1. What is the remainder when q(1) is divided by 2?
1
Suppose 0 = 3*q + 20*q - 851. Calculate the remainder when 105 is divided by q.
31
Let l(r) = -16*r - 290. Calculate the remainder when 45 is divided by l(-19).
3
Let i(n) = -2*n**3 - 5*n**2 + 17*n - 4. Calculate the remainder when i(-7) is divided by 40.
38
Let l = 9 + 10. Suppose 41*n + 84*n - 175*n = -3300. Calculate the remainder when n is divided by l.
9
Let h = 25 - 23. Suppose 3*l = 4*l - 3*w - 15, h*w + 52 = 3*l. Calculate the remainder when 53 is divided by l.
17
What is the remainder when 92 is divided by -4*(-282)/72*3?
45
Let a = 118 - 114. Suppose 4*o - 644 = a*w, 3*o - 2*o = -4*w + 186. What is the remainder when o is divided by 14?